{"id":58,"date":"2023-02-08T15:03:03","date_gmt":"2023-02-08T15:03:03","guid":{"rendered":"https:\/\/lidiaydaniel.nosinvitan.com\/?page_id=58"},"modified":"2023-03-20T22:11:52","modified_gmt":"2023-03-20T22:11:52","slug":"asistencia","status":"publish","type":"page","link":"https:\/\/lidiaydaniel.nosinvitan.com\/?page_id=58","title":{"rendered":"Asistencia"},"content":{"rendered":"\n<h2 class=\"wp-block-heading\">\u00bfNos confirmas tu asistencia?<\/h2>\n\n\n\n<p class=\"has-normal-font-size\">Nos hace mucha ilusi\u00f3n contar con todos vosotros en nuestro gran d\u00eda, por eso os pedimos que rellen\u00e9is el formulario de contacto para confirmarnos qui\u00e9nes pod\u00e9is asistir y si ten\u00e9is alguna intolerancia que quer\u00e1is comunicarnos. <br><br><strong>\u00a1Muchas gracias por vuestra colaboraci\u00f3n!<\/strong><\/p>\n\n\n\n<div style=\"height:58px\" aria-hidden=\"true\" class=\"wp-block-spacer\"><\/div>\n\n\n\n<hr class=\"wp-block-separator aligncenter has-text-color has-accent-1-color has-alpha-channel-opacity has-accent-1-background-color has-background is-style-default\"\/>\n\n\n\n<div style=\"height:0px\" aria-hidden=\"true\" class=\"wp-block-spacer\"><\/div>\n\n\n\n<div class=\"wp-block-columns is-layout-flex wp-container-core-columns-is-layout-9d6595d7 wp-block-columns-is-layout-flex\">\n<div class=\"wp-block-column is-layout-flow wp-block-column-is-layout-flow\" style=\"flex-basis:66.66%\">\n<div class=\"wp-block-contact-form-7-contact-form-selector\">\n<div class=\"wpcf7 no-js\" id=\"wpcf7-f77-o1\" lang=\"es-ES\" dir=\"ltr\">\n<div class=\"screen-reader-response\"><p role=\"status\" aria-live=\"polite\" aria-atomic=\"true\"><\/p> <ul><\/ul><\/div>\n<form action=\"\/index.php?rest_route=%2Fwp%2Fv2%2Fpages%2F58#wpcf7-f77-o1\" method=\"post\" class=\"wpcf7-form init\" aria-label=\"Formulario de contacto\" novalidate=\"novalidate\" data-status=\"init\">\n<div style=\"display: none;\">\n<input type=\"hidden\" name=\"_wpcf7\" value=\"77\" \/>\n<input type=\"hidden\" name=\"_wpcf7_version\" value=\"5.7.3\" \/>\n<input type=\"hidden\" name=\"_wpcf7_locale\" value=\"es_ES\" \/>\n<input type=\"hidden\" name=\"_wpcf7_unit_tag\" value=\"wpcf7-f77-o1\" \/>\n<input type=\"hidden\" name=\"_wpcf7_container_post\" value=\"0\" \/>\n<input type=\"hidden\" name=\"_wpcf7_posted_data_hash\" value=\"\" \/>\n<\/div>\n<p><label> Nombre<br \/>\n<span class=\"wpcf7-form-control-wrap\" data-name=\"your-name\"><input size=\"40\" class=\"wpcf7-form-control wpcf7-text wpcf7-validates-as-required\" autocomplete=\"name\" aria-required=\"true\" aria-invalid=\"false\" value=\"\" type=\"text\" name=\"your-name\" \/><\/span><br \/>\n<\/label>\n<\/p>\n<p><label> Apellidos<br \/>\n<span class=\"wpcf7-form-control-wrap\" data-name=\"your-surname\"><input size=\"40\" class=\"wpcf7-form-control wpcf7-text wpcf7-validates-as-required\" autocomplete=\"surname\" aria-required=\"true\" aria-invalid=\"false\" value=\"\" type=\"text\" name=\"your-surname\" \/><\/span><br \/>\n<\/label><br \/>\n<label> N\u00famero total de asistentes<br \/>\n<span class=\"wpcf7-form-control-wrap\" data-name=\"menu-asistentes\"><select class=\"wpcf7-form-control wpcf7-select wpcf7-validates-as-required\" aria-required=\"true\" aria-invalid=\"false\" name=\"menu-asistentes\"><option value=\"No asistir\u00e9\">No asistir\u00e9<\/option><option value=\"1\">1<\/option><option value=\"2\">2<\/option><option value=\"3\">3<\/option><option value=\"4\">4<\/option><option value=\"5\">5<\/option><option value=\"6\">6<\/option><option value=\"7\">7<\/option><option value=\"8\">8<\/option><option value=\"9\">9<\/option><option value=\"10\">10<\/option><\/select><\/span><br \/>\n<\/label><br \/>\n<label> Alergias, intolerancias u otros<\/label><br \/>\n<span class=\"wpcf7-form-control-wrap\" data-name=\"checkbox-alergenos\"><span class=\"wpcf7-form-control wpcf7-checkbox\"><span class=\"wpcf7-list-item first\"><label><input type=\"checkbox\" name=\"checkbox-alergenos[]\" value=\"Gluten\" tabindex=\"\" \/><span class=\"wpcf7-list-item-label\">Gluten<\/span><\/label><\/span><span class=\"wpcf7-list-item\"><label><input type=\"checkbox\" name=\"checkbox-alergenos[]\" value=\"Lactosa\" tabindex=\"\" \/><span class=\"wpcf7-list-item-label\">Lactosa<\/span><\/label><\/span><span class=\"wpcf7-list-item\"><label><input type=\"checkbox\" name=\"checkbox-alergenos[]\" value=\"Frutos Secos\" tabindex=\"\" \/><span class=\"wpcf7-list-item-label\">Frutos Secos<\/span><\/label><\/span><span class=\"wpcf7-list-item\"><label><input type=\"checkbox\" name=\"checkbox-alergenos[]\" value=\"Mariscos\" tabindex=\"\" \/><span class=\"wpcf7-list-item-label\">Mariscos<\/span><\/label><\/span><span class=\"wpcf7-list-item\"><label><input type=\"checkbox\" name=\"checkbox-alergenos[]\" value=\"Vegetariano\" tabindex=\"\" \/><span class=\"wpcf7-list-item-label\">Vegetariano<\/span><\/label><\/span><span class=\"wpcf7-list-item last\"><label><input type=\"checkbox\" name=\"checkbox-alergenos[]\" value=\"Vegano\" tabindex=\"\" \/><span class=\"wpcf7-list-item-label\">Vegano<\/span><\/label><\/span><\/span><\/span>\n<\/p>\n<p><label><br \/>\n\u00bfQuieres comunicarnos alguna informaci\u00f3n adicional?<br \/>\n<span class=\"wpcf7-form-control-wrap\" data-name=\"your-message\"><textarea cols=\"40\" rows=\"10\" class=\"wpcf7-form-control wpcf7-textarea wpcf7-validates-as-required\" aria-required=\"true\" aria-invalid=\"false\" name=\"your-message\"><\/textarea><\/span><br \/>\n<\/label>\n<\/p>\n<p><input class=\"wpcf7-form-control has-spinner wpcf7-submit\" type=\"submit\" value=\"Enviar\" \/>\n<\/p><div class=\"wpcf7-response-output\" aria-hidden=\"true\"><\/div>\n<\/form>\n<\/div>\n<\/div>\n<\/div>\n\n\n\n<div class=\"wp-block-column is-layout-flow wp-block-column-is-layout-flow\" style=\"flex-basis:50%\">\n<p class=\"has-text-align-center has-normal-font-size\">Si lo prefieres, tambi\u00e9n puedes llamarnos por tel\u00e9fono o mandarnos un WhatsApp<\/p>\n\n\n\n<div class=\"wp-block-columns is-layout-flex wp-container-core-columns-is-layout-9d6595d7 wp-block-columns-is-layout-flex\">\n<div class=\"wp-block-column is-layout-flow wp-block-column-is-layout-flow\">\n<p class=\"has-text-align-center has-normal-font-size\"><strong>Lidia<\/strong><br><strong><a href=\"tel:\/\/633293424\">633 293 424<\/a> <\/strong><\/p>\n<\/div>\n\n\n\n<div class=\"wp-block-column is-layout-flow wp-block-column-is-layout-flow\">\n<p class=\"has-text-align-center has-normal-font-size\"><strong>Daniel<\/strong><br><a href=\"tel:\/\/685330170\"><strong>685 330 170<\/strong><\/a><\/p>\n<\/div>\n<\/div>\n<\/div>\n<\/div>\n","protected":false},"excerpt":{"rendered":"<p>\u00bfNos confirmas tu asistencia? Nos hace mucha ilusi\u00f3n contar con todos vosotros en nuestro gran d\u00eda, por eso os pedimos que rellen\u00e9is el formulario de &hellip;<\/p>\n","protected":false},"author":1,"featured_media":0,"parent":0,"menu_order":6,"comment_status":"closed","ping_status":"closed","template":"","meta":{"_eb_attr":"","footnotes":""},"class_list":["post-58","page","type-page","status-publish","hentry"],"_links":{"self":[{"href":"https:\/\/lidiaydaniel.nosinvitan.com\/index.php?rest_route=\/wp\/v2\/pages\/58","targetHints":{"allow":["GET"]}}],"collection":[{"href":"https:\/\/lidiaydaniel.nosinvitan.com\/index.php?rest_route=\/wp\/v2\/pages"}],"about":[{"href":"https:\/\/lidiaydaniel.nosinvitan.com\/index.php?rest_route=\/wp\/v2\/types\/page"}],"author":[{"embeddable":true,"href":"https:\/\/lidiaydaniel.nosinvitan.com\/index.php?rest_route=\/wp\/v2\/users\/1"}],"replies":[{"embeddable":true,"href":"https:\/\/lidiaydaniel.nosinvitan.com\/index.php?rest_route=%2Fwp%2Fv2%2Fcomments&post=58"}],"version-history":[{"count":38,"href":"https:\/\/lidiaydaniel.nosinvitan.com\/index.php?rest_route=\/wp\/v2\/pages\/58\/revisions"}],"predecessor-version":[{"id":384,"href":"https:\/\/lidiaydaniel.nosinvitan.com\/index.php?rest_route=\/wp\/v2\/pages\/58\/revisions\/384"}],"wp:attachment":[{"href":"https:\/\/lidiaydaniel.nosinvitan.com\/index.php?rest_route=%2Fwp%2Fv2%2Fmedia&parent=58"}],"curies":[{"name":"wp","href":"https:\/\/api.w.org\/{rel}","templated":true}]}}