{"id":24,"date":"2023-02-07T22:18:11","date_gmt":"2023-02-07T22:18:11","guid":{"rendered":"https:\/\/lidiaydaniel.nosinvitan.com\/?page_id=24"},"modified":"2023-06-22T21:04:51","modified_gmt":"2023-06-22T21:04:51","slug":"alojamiento","status":"publish","type":"page","link":"https:\/\/lidiaydaniel.nosinvitan.com\/?page_id=24","title":{"rendered":"Consejos"},"content":{"rendered":"\n<p>Sabemos que muchos ven\u00eds desde muy lejos para compartir este gran d\u00eda con nosotros, por ello os dejamos a continuaci\u00f3n una serie de recomendaciones o consejos que pueden veniros bien. <\/p>\n\n\n\n<h2 class=\"wp-block-heading\">Autobuses<\/h2>\n\n\n\n<h2 class=\"has-headings-color has-text-color has-normal-font-size wp-block-heading\">Salida hacia la finca<\/h2>\n\n\n\n<ul class=\"wp-block-list\">\n<li>12:30h Plaza Castillo, Casetas<\/li>\n\n\n\n<li>12:30h Hotel Europa, Utebo<\/li>\n\n\n\n<li>12:15h Paseo Mar\u00eda Agust\u00edn n\u00ba 20 (Museo Pablo Serrano), Zaragoza<\/li>\n<\/ul>\n\n\n\n<h2 class=\"has-headings-color has-text-color has-normal-font-size wp-block-heading\">Vuelta desde la finca<\/h2>\n\n\n\n<ul class=\"wp-block-list\">\n<li>23:00h con paradas en Utebo \u2013 Casetas \u2013 Zaragoza<\/li>\n\n\n\n<li>00:00h con paradas en Utebo \u2013 Casetas \u2013 Zaragoza<\/li>\n<\/ul>\n\n\n\n<h2 class=\"wp-block-heading\"><br>D\u00f3nde alojarse<\/h2>\n\n\n\n<div class=\"wp-block-columns alignwide is-layout-flex wp-container-core-columns-is-layout-9d6595d7 wp-block-columns-is-layout-flex\">\n<div class=\"wp-block-column has-text-color has-background has-link-color wp-elements-24098c8211bc434bc370a1a58188fe27 is-layout-flow wp-block-column-is-layout-flow\" style=\"color:#000000;background-color:#feddbf;padding-top:2em;padding-right:2em;padding-bottom:2em;padding-left:2em\">\n<h2 class=\"has-text-align-center wp-block-heading\" id=\"family\" style=\"font-size:40px\"><strong>Hotel las Ventas<\/strong><\/h2>\n\n\n\n<p class=\"has-text-align-center has-normal-font-size\" style=\"line-height:1.5\">15% de dto. con el c\u00f3digo <strong>ENLACELIDIA              <\/strong><\/p>\n\n\n\n<hr class=\"wp-block-separator has-css-opacity is-style-wide\"\/>\n\n\n\n<p><\/p>\n\n\n\n<div class=\"wp-block-buttons alignfull is-horizontal is-content-justification-center is-layout-flex wp-container-core-buttons-is-layout-499968f5 wp-block-buttons-is-layout-flex\">\n<div class=\"wp-block-button has-custom-width wp-block-button__width-100 is-style-fill\"><a class=\"wp-block-button__link has-white-color has-accent-2-background-color has-text-color has-background wp-element-button\" href=\"https:\/\/www.hotellasventas.com\/\" target=\"_blank\" rel=\"noreferrer noopener\">Ver m\u00e1s<\/a><\/div>\n<\/div>\n<\/div>\n\n\n\n<div class=\"wp-block-column has-headings-color has-text-color has-background has-link-color wp-elements-5b27e6a07112d4408e301f4632498ba5 is-layout-flow wp-block-column-is-layout-flow\" style=\"background-color:#feddbf;padding-top:2em;padding-right:2em;padding-bottom:2em;padding-left:2em\">\n<h2 class=\"has-text-align-center has-headings-color has-text-color wp-block-heading\" id=\"single\" style=\"font-size:40px\"><strong>Hotel Europa<\/strong><\/h2>\n\n\n\n<p class=\"has-text-align-center has-normal-font-size\" style=\"line-height:1.5\">Ubicado en Utebo, junto al Mercadona<\/p>\n\n\n\n<hr class=\"wp-block-separator has-text-color has-css-opacity has-background is-style-wide\" style=\"background-color:#000000;color:#000000\"\/>\n\n\n\n<p><\/p>\n\n\n\n<div class=\"wp-block-buttons alignfull is-horizontal is-content-justification-center is-layout-flex wp-container-core-buttons-is-layout-499968f5 wp-block-buttons-is-layout-flex\">\n<div class=\"wp-block-button has-custom-width wp-block-button__width-100 is-style-fill\"><a class=\"wp-block-button__link has-white-color has-accent-2-background-color has-text-color has-background wp-element-button\" href=\"https:\/\/www.europa-hotel.es\/\" target=\"_blank\" rel=\"noreferrer noopener\">Ver m\u00e1s<\/a><\/div>\n<\/div>\n<\/div>\n\n\n\n<div class=\"wp-block-column has-text-color has-background has-link-color wp-elements-d70d5e3097788494fcf06bfc9991b9a6 is-layout-flow wp-block-column-is-layout-flow\" style=\"color:#000000;background-color:#feddbf;padding-top:2em;padding-right:2em;padding-bottom:2em;padding-left:2em\">\n<h2 class=\"has-text-align-center wp-block-heading\" id=\"family\" style=\"font-size:40px\"><strong>Hotel el \u00c1guila<\/strong><\/h2>\n\n\n\n<p class=\"has-text-align-center has-normal-font-size\" style=\"line-height:1.5\">Situado en el Pol\u00edgono Industrial del \u00c1guila, en Utebo<strong> <\/strong>         <\/p>\n\n\n\n<hr class=\"wp-block-separator has-css-opacity is-style-wide\"\/>\n\n\n\n<p><\/p>\n\n\n\n<div class=\"wp-block-buttons alignfull is-horizontal is-content-justification-center is-layout-flex wp-container-core-buttons-is-layout-499968f5 wp-block-buttons-is-layout-flex\">\n<div class=\"wp-block-button has-custom-width wp-block-button__width-100 is-style-fill\"><a class=\"wp-block-button__link has-white-color has-accent-2-background-color has-text-color has-background wp-element-button\" href=\"https:\/\/hotelelaguila.com\/\" target=\"_blank\" rel=\"noreferrer noopener\">Ver m\u00e1s<\/a><\/div>\n<\/div>\n<\/div>\n<\/div>\n","protected":false},"excerpt":{"rendered":"<p>Sabemos que muchos ven\u00eds desde muy lejos para compartir este gran d\u00eda con nosotros, por ello os dejamos a continuaci\u00f3n una serie de recomendaciones o &hellip;<\/p>\n","protected":false},"author":1,"featured_media":0,"parent":0,"menu_order":5,"comment_status":"closed","ping_status":"closed","template":"","meta":{"_eb_attr":"","footnotes":""},"class_list":["post-24","page","type-page","status-publish","hentry"],"_links":{"self":[{"href":"https:\/\/lidiaydaniel.nosinvitan.com\/index.php?rest_route=\/wp\/v2\/pages\/24","targetHints":{"allow":["GET"]}}],"collection":[{"href":"https:\/\/lidiaydaniel.nosinvitan.com\/index.php?rest_route=\/wp\/v2\/pages"}],"about":[{"href":"https:\/\/lidiaydaniel.nosinvitan.com\/index.php?rest_route=\/wp\/v2\/types\/page"}],"author":[{"embeddable":true,"href":"https:\/\/lidiaydaniel.nosinvitan.com\/index.php?rest_route=\/wp\/v2\/users\/1"}],"replies":[{"embeddable":true,"href":"https:\/\/lidiaydaniel.nosinvitan.com\/index.php?rest_route=%2Fwp%2Fv2%2Fcomments&post=24"}],"version-history":[{"count":38,"href":"https:\/\/lidiaydaniel.nosinvitan.com\/index.php?rest_route=\/wp\/v2\/pages\/24\/revisions"}],"predecessor-version":[{"id":429,"href":"https:\/\/lidiaydaniel.nosinvitan.com\/index.php?rest_route=\/wp\/v2\/pages\/24\/revisions\/429"}],"wp:attachment":[{"href":"https:\/\/lidiaydaniel.nosinvitan.com\/index.php?rest_route=%2Fwp%2Fv2%2Fmedia&parent=24"}],"curies":[{"name":"wp","href":"https:\/\/api.w.org\/{rel}","templated":true}]}}